{"id":17358,"date":"2025-11-14T12:37:03","date_gmt":"2025-11-14T10:37:03","guid":{"rendered":"https:\/\/www.kokora.cat\/?post_type=product&#038;p=17358"},"modified":"2025-12-29T15:59:24","modified_gmt":"2025-12-29T13:59:24","slug":"guante-trebad-negre-azul-turquesa","status":"publish","type":"product","link":"https:\/\/www.kokora.cat\/es\/producte\/guante-trebad-negre-azul-turquesa\/","title":{"rendered":"Guante Trebad Negre &#8211; Azul Turquesa"},"content":{"rendered":"<p><em><strong>&#8216;Un detalle art\u00edstico y vibrante que da luz y car\u00e1cter a cualquier gesto&#8217;<\/strong><\/em><\/p>\n<p>&nbsp;<\/p>\n<p>Un juego de contrastes que combina elegancia y frescura. Los guantes Trebal en negro profundo se iluminan con pinceladas azul turquesa, trazos \u00e1giles y org\u00e1nicos que recuerdan hojas danzando con el viento. Cada pieza es una peque\u00f1a obra de arte, pintada a mano con gesto vivo y espont\u00e1neo.<\/p>\n<p>&nbsp;<\/p>\n<p>Confeccionados en viscosa con un 5% de elastano, se adaptan c\u00f3modamente a la mano, ofreciendo una sensaci\u00f3n c\u00e1lida y suave al tacto.<\/p>\n<p>&nbsp;<\/p>\n<p><strong>MIDA<\/strong><br \/>\n24 \u00d7 9 cm (talla \u00fanica)<\/p>\n<p>&nbsp;<\/p>\n<p><strong>PROCESO ARTESANAL<\/strong><br \/>\nCada guante est\u00e1 pintado a mano con pigmentos textiles resistentes. Las variaciones sutiles de color y trazo hacen que cada prenda sea \u00fanica, llena de vida y autenticidad.<\/p>\n<p>&nbsp;<\/p>\n<p><strong>CUIDADO Y LAVADO<\/strong><br \/>\nLavar a mano con agua fr\u00eda y jab\u00f3n neutro.<br \/>\nNo frotar ni torcer.<br \/>\nSecar en plano, lejos de fuentes directas de calor.<\/p>\n<p>&nbsp;<\/p>\n<p><strong>Pieza \u00fanica<\/strong><\/p>\n","protected":false},"excerpt":{"rendered":"<p>&#8216;Un detalle art\u00edstico y vibrante que da luz y car\u00e1cter a cualquier gesto&#8217; &nbsp; Un juego de contrastes que combina elegancia y frescura. Los guantes Trebal en negro profundo se iluminan con pinceladas azul turquesa, trazos \u00e1giles y org\u00e1nicos que recuerdan hojas danzando con el&hellip; <a class=\"continue\" href=\"https:\/\/www.kokora.cat\/es\/producte\/guante-trebad-negre-azul-turquesa\/\">CONTINUAR >><span> Guante Trebad Negre &#8211; Azul Turquesa<\/span><\/a><\/p>\n","protected":false},"featured_media":16317,"template":"","meta":{"_joinchat":[]},"product_brand":[],"product_cat":[136],"product_tag":[],"class_list":{"0":"post-17358","1":"product","2":"type-product","3":"status-publish","4":"has-post-thumbnail","6":"product_cat-koracomplements","8":"first","9":"instock","10":"taxable","11":"shipping-taxable","12":"purchasable","13":"product-type-simple"},"_links":{"self":[{"href":"https:\/\/www.kokora.cat\/es\/wp-json\/wp\/v2\/product\/17358","targetHints":{"allow":["GET"]}}],"collection":[{"href":"https:\/\/www.kokora.cat\/es\/wp-json\/wp\/v2\/product"}],"about":[{"href":"https:\/\/www.kokora.cat\/es\/wp-json\/wp\/v2\/types\/product"}],"wp:featuredmedia":[{"embeddable":true,"href":"https:\/\/www.kokora.cat\/es\/wp-json\/wp\/v2\/media\/16317"}],"wp:attachment":[{"href":"https:\/\/www.kokora.cat\/es\/wp-json\/wp\/v2\/media?parent=17358"}],"wp:term":[{"taxonomy":"product_brand","embeddable":true,"href":"https:\/\/www.kokora.cat\/es\/wp-json\/wp\/v2\/product_brand?post=17358"},{"taxonomy":"product_cat","embeddable":true,"href":"https:\/\/www.kokora.cat\/es\/wp-json\/wp\/v2\/product_cat?post=17358"},{"taxonomy":"product_tag","embeddable":true,"href":"https:\/\/www.kokora.cat\/es\/wp-json\/wp\/v2\/product_tag?post=17358"}],"curies":[{"name":"wp","href":"https:\/\/api.w.org\/{rel}","templated":true}]}}

<p><em><strong>&#8216;Un detalle artístico y vibrante que da luz y carácter a cualquier gesto&#8217;</strong></em></p>
<p>&nbsp;</p>
<p>Un juego de contrastes que combina elegancia y frescura. Los guantes Trebal en negro profundo se iluminan con pinceladas azul turquesa, trazos ágiles y orgánicos que recuerdan hojas danzando con el viento. Cada pieza es una pequeña obra de arte, pintada a mano con gesto vivo y espontáneo.</p>
<p>&nbsp;</p>
<p>Confeccionados en viscosa con un 5% de elastano, se adaptan cómodamente a la mano, ofreciendo una sensación cálida y suave al tacto.</p>
<p>&nbsp;</p>
<p><strong>MIDA</strong><br />
24 × 9 cm (talla única)</p>
<p>&nbsp;</p>
<p><strong>PROCESO ARTESANAL</strong><br />
Cada guante está pintado a mano con pigmentos textiles resistentes. Las variaciones sutiles de color y trazo hacen que cada prenda sea única, llena de vida y autenticidad.</p>
<p>&nbsp;</p>
<p><strong>CUIDADO Y LAVADO</strong><br />
Lavar a mano con agua fría y jabón neutro.<br />
No frotar ni torcer.<br />
Secar en plano, lejos de fuentes directas de calor.</p>
<p>&nbsp;</p>
<p><strong>Pieza única</strong></p>

<p>&#8216;Un detalle artístico y vibrante que da luz y carácter a cualquier gesto&#8217; &nbsp; Un juego de contrastes que combina elegancia y frescura. Los guantes Trebal en negro profundo se iluminan con pinceladas azul turquesa, trazos ágiles y orgánicos que recuerdan hojas danzando con el&hellip; <a class="continue" href="https://www.kokora.cat/es/producte/guante-trebad-negre-azul-turquesa/">CONTINUAR >><span> Guante Trebad Negre &#8211; Azul Turquesa</span></a></p>
